 be the first derivative of -s**4/4 - s**3/3 - 3*s + 2. Let x be n(-3). Calculate the highest common factor of t and x.
15
Let i be 2 - (1 - 1)/(-1). Suppose 50 = -b + i*b. Calculate the highest common divisor of 10 and b.
10
Let k(o) = 2*o + 2. Let n be k(2). Suppose -f + 72 = 4*f - 3*y, 20 = 2*f + y. What is the greatest common factor of f and n?
6
Let k(m) = -m**3 + 5*m - 3. Let q be k(4). Let u be 0 + (0 + q)*1. Let p be 1/4 + u/(-4). Calculate the highest common divisor of 60 and p.
12
Suppose 15 = 3*y, 2*u - 2*y = -u + 170. What is the highest common factor of 12 and u?
12
Let b be 11 - 1/(-3)*3. Calculate the greatest common factor of 24 and b.
12
Suppose 4 = -2*k - 5*y - 49, -2*k - 32 = -2*y. Let l = 45 + k. What is the highest common divisor of 52 and l?
26
Let j = 20 - 11. Let s = j - 8. What is the greatest common divisor of 7 and s?
1
Let b be 4*((-6)/(-4))/3. Suppose -2*r - 3*f - 120 = -3*r, 0 = b*r - 3*f - 246. What is the greatest common divisor of r and 18?
18
Let u = 0 + 22. What is the highest common factor of u and 33?
11
Suppose 0 = -6*p + 22 + 8. What is the greatest common divisor of p and 15?
5
Suppose 2*k = -k + 36. What is the greatest common divisor of 24 and k?
12
Let z(l) be the third derivative of l**6/120 - 7*l**5/60 + 3*l**4/8 - l**3/3 + 5*l**2. Let g be z(6). Calculate the greatest common divisor of g and 128.
16
Let t(u) = -13*u - 1. Let g be t(-9). Let w = -6 - -9. Suppose 0*h = 2*f - w*h - 63, 4*f = 4*h + g. What is the highest common factor of f and 12?
12
Let s = -12 - -14. Suppose -5*n + 6*q - s*q + 119 = 0, -2*n + 74 = 5*q. Calculate the highest common factor of n and 3.
3
Let m(o) = o**2 - 17*o + 60. Let v be m(13). What is the greatest common divisor of v and 1?
1
Let g(t) = -18*t + 14. Let f be g(-1). Let v(m) = -9*m**3 + m**2 - 2*m + 1. Let u be v(1). Let q = -1 - u. Calculate the greatest common factor of q and f.
8
Let v(p) be the first derivative of 4*p**2 + 4*p + 2. Let a be v(6). Calculate the greatest common divisor of a and 13.
13
Suppose b = 1 + 4. Suppose j + 40 - 16 = 3*t, 0 = b*t + j - 32. Let l(y) = 2*y**2 - 10*y + 2. Let g be l(t). What is the greatest common divisor of 6 and g?
6
Let c(j) = j**3 - 4*j**2 - 5. Let v be c(5). What is the greatest common factor of 8 and v?
4
Let l be (66/15)/((-4)/(-10)). Suppose -4*z - 196 = -2*n, -n + 0*z - 4*z + 68 = 0. Calculate the greatest common divisor of l and n.
11
Let z(k) = -k**3 + 5*k**2 + 3*k - 2. Let p be z(4). Let s be (81 - 55)/((-24)/(-22) - 1). Calculate the highest common factor of p and s.
26
Let x = 224 + -154. Let y be (12/10)/((-3)/(-70)). Calculate the greatest common divisor of x and y.
14
Let p be (-2)/1 - (-8 - -5). Let i(w) = 63*w**3 - w**2 + 1. Let k be i(p). Calculate the greatest common divisor of k and 7.
7
Suppose 0 = -3*b + 1 + 5. Let q be 4/(-3)*(-6)/4. Calculate the greatest common factor of q and b.
2
Let f be (-1 + -7)*3/6. Let j be f/(-6) - (-61)/3. Let r = 9 + -2. Calculate the greatest common factor of j and r.
7
Let o = -3 - -5. Suppose -o*i = -5*i + 27. Let q = -8 - -17. What is the highest common divisor of i and q?
9
Let j be (-2)/4 + (-46)/(-4). Let s = j - -24. Let u = 9 + 5. What is the greatest common factor of u and s?
7
Let u be (-9)/18 - (-5)/2. Suppose 31 = u*s - 65. What is the greatest common factor of s and 16?
16
Let o = -12 + 21. Let i be (12/o)/((-1)/(-6)). What is the greatest common divisor of 56 and i?
8
Let y = 345 - 135. Calculate the highest common divisor of y and 30.
30
Suppose 3*j + 15 + 54 = 5*s, -3*s + 2*j + 42 = 0. What is the greatest common divisor of 96 and s?
12
Suppose -9*l + 19 + 35 = 0. Calculate the greatest common factor of l and 4.
2
Suppose 0*a - 15 = -3*a. Let w = 15 + -13. Suppose -5*r - 103 = -2*l, -w*l - a*r = -l - 59. Calculate the greatest common divisor of l and 6.
6
Let l(i) = 6*i**2 - 2*i - 3. Let s be l(-2). What is the greatest common divisor of s and 50?
25
Suppose -2*i + 0*i + 30 = 0. Let y be 22/8 - 2/(-8). What is the greatest common factor of i and y?
3
Let b = 149 + -85. Suppose 2*l - 3*l = -8. Calculate the greatest common divisor of b and l.
8
Let t = 150 + -90. Let i(a) = -a**2 + 2*a + 5. Let s be i(7). Let j = t + s. What is the highest common factor of j and 12?
6
Suppose s = -2*a + 15, -4*a - s + 49 - 14 = 0. Let b = 291 - 191. What is the highest common divisor of a and b?
10
Suppose 4*f - 3*g = 370, 5*f - 3*g = -2*g + 457. Suppose -3*l + f = -2*l. What is the greatest common factor of l and 13?
13
Suppose -124 = 4*i - 32. Let j = 29 - -5. Let z = i + j. Calculate the highest common factor of z and 44.
11
Suppose 0 = 3*n - 2*k + 19, -k + 25 = -4*n + 2*k. Let p = n - -47. What is the highest common factor of p and 8?
8
Let q = -3 + 4. Suppose -i = b - 2 + q, -7 = -b + 2*i. Suppose 20 = b*g - 7. What is the highest common divisor of g and 9?
9
Let t(q) = q**2 + 2*q + 1. Let a be t(-2). Let m be 9/3*(-4)/3. Let r = 8 + m. Calculate the highest common factor of a and r.
1
Let h(x) = -x**3 + 12*x**2 + 7. Let z be h(12). What is the highest common factor of z and 7?
7
Let n = -466 - -471. Suppose 5*a + 99 - 274 = 0. Calculate the greatest common divisor of a and n.
5
Suppose 9*l + 112 = 139. Let g be 3/(-4)*-4*1. What is the highest common divisor of l and g?
3
Let w = -40 + 47. Calculate the highest common factor of 35 and w.
7
Let m = 20 + 8. Suppose 0*q - m = -2*q. What is the greatest common factor of 21 and q?
7
Let g = 4 - -1. Suppose -4*d + g*j = -95, d - j - 29 = 2*j. Let m(w) = 2*w. Let n be m(4). What is the highest common factor of n and d?
4
Suppose t = 4*o - 41, 0 = -o - t + 6 + 8. Calculate the highest common factor of 33 and o.
11
Suppose 10*l = 20 - 0. Calculate the greatest common factor of 32 and l.
2
Let q be ((-3)/2 + 1)*-2. Let z(t) = -q - 4 - 1 - 4*t. Let v be z(-4). Calculate the greatest common factor of v and 70.
10
Suppose -5*t + 76 = -x, 5*t + 3*x - 88 = x. Let y be 6 - (2 - 0/(-1)). What is the highest common divisor of y and t?
4
Suppose -d + 5 = -0. Let w = 0 + d. Suppose 8 = -w*f + 7*f. Calculate the highest common divisor of 32 and f.
4
Suppose 52 = 4*w - 0*w. Calculate the greatest common divisor of w and 13.
13
Suppose 4*k = -9 - 11, -3*b + 50 = -k. Calculate the greatest common divisor of 10 and b.
5
Let n = 240 + -114. What is the highest common factor of n and 6?
6
Suppose -4*l + 76 = 3*p - 461, 120 = l - 4*p. Let u = 0 + -3. Let n = u + 15. Calculate the greatest common divisor of l and n.
12
Let u(x) = -x + 1. Let o be u(5). Let q(a) = a**3 + 5*a**2 + 4*a + 5. Let m be q(o). Suppose 290 - 45 = m*r. What is the greatest common divisor of 7 and r?
7
Let v(l) = -56*l + 1. Let d be v(-1). Suppose 5*z = 3*x + 33 - 7, -x - z = -2. Let g be 18 - (-3 - (x + 0)). Calculate the highest common factor of d and g.
19
Let y = 12 + -7. Suppose 0 = -5*z - 0*z + 10. Suppose 3*k - 2*q - 108 = -11, -3*q - 58 = -z*k. What is the greatest common factor of k and y?
5
Suppose -4*j = 4*g - 240, -g + 48 = 5*j - 232. Let u = -6 + 11. Calculate the greatest common factor of u and j.
5
Let t(c) = 6*c**2 + c. Let z be t(-1). Suppose 0 = h - z*h + 176. Calculate the greatest common divisor of 11 and h.
11
Suppose 0 = 22*a - 19*a - 39. Let d(t) = -t - 1. Let u be d(1). Let n be u/(-3) + (-542)/(-6). Calculate the highest common factor of a and n.
13
Suppose 0 = -3*c - 2*c + 40. What is the greatest common factor of 2 and c?
2
Let i = -91 - -107. What is the highest common factor of 8 and i?
8
Let z(n) = n**2 + n + 1. Let u be z(-3). Suppose -y + 2 = u. Let k(o) = -o**3 - 6*o**2 - 6*o - 1. Let j be k(y). What is the highest common divisor of 16 and j?
4
Let v be (-1)/((-5)/131) + (-1)/5. Let d = 191 - 113. Calculate the highest common divisor of v and d.
26
Let z = 9 - 5. What is the greatest common factor of 12 and z?
4
Suppose -x + 37 = 11. What is the greatest common factor of 13 and x?
13
Let f = 1 - -1. Suppose 0 = -3*k - f*k + 75. Suppose 2*q - x - 214 = 0, q - 5*x = -0*x + 125. What is the greatest common divisor of q and k?
15
Suppose q + 3*k - 39 = 0, 0 = 2*q - 5*k - 123 + 23. Let c be (-3)/(q/(-96))*30. What is the greatest common divisor of 24 and c?
24
Let o = -702 - -1078. Calculate the highest common divisor of 47 and o.
47
Suppose 